{"id":12176,"date":"2017-04-21T10:20:39","date_gmt":"2017-04-21T10:20:39","guid":{"rendered":"https:\/\/consulting.vamtam.com\/?page_id=12176"},"modified":"2025-02-05T20:21:40","modified_gmt":"2025-02-05T20:21:40","slug":"approach","status":"publish","type":"page","link":"https:\/\/utopiave.com\/?page_id=12176","title":{"rendered":"Servicios"},"content":{"rendered":"<div class=\"vgblk-rw-wrapper limit-wrapper\">\r\n<h5>El GRUPO UTOPIA, ha tenido actividad continua en la industria petrolera, y as\u00ed mismo hemos estado tratando de expandir y diversificar nuestros servicios para brindar una gama diversa e integral de contrataci\u00f3n, necesarios en la industria petrolera, gas\u00edfera, petroqu\u00edmica y energ\u00e9tica. Hoy podemos ofrecer una gama completa de servicios desde dise\u00f1os, instalaci\u00f3n y gesti\u00f3n de la construcci\u00f3n, puesta en marcha, mantenimiento, procura, ensayos, y fabricaci\u00f3n en las diferentes industrias.<\/h5>\r\n<p><img loading=\"lazy\" decoding=\"async\" title=\"Plataforma 8\" src=\"https:\/\/utopiave.com\/wp-content\/uploads\/2024\/09\/Plataforma-8-1024x576.jpg\" sizes=\"auto, (max-width: 768px) 100vw, 100vw\" srcset=\"https:\/\/utopiave.com\/wp-content\/uploads\/2024\/09\/Plataforma-8-1024x576.jpg 1024w, https:\/\/utopiave.com\/wp-content\/uploads\/2024\/09\/Plataforma-8-300x169.jpg 300w, https:\/\/utopiave.com\/wp-content\/uploads\/2024\/09\/Plataforma-8-768x432.jpg 768w, https:\/\/utopiave.com\/wp-content\/uploads\/2024\/09\/Plataforma-8-1536x864.jpg 1536w, https:\/\/utopiave.com\/wp-content\/uploads\/2024\/09\/Plataforma-8-2048x1152.jpg 2048w, https:\/\/utopiave.com\/wp-content\/uploads\/2024\/09\/Plataforma-8-1260x709.jpg 1260w, https:\/\/utopiave.com\/wp-content\/uploads\/2024\/09\/Plataforma-8-630x354.jpg 630w, https:\/\/utopiave.com\/wp-content\/uploads\/2024\/09\/Plataforma-8-420x236.jpg 420w, https:\/\/utopiave.com\/wp-content\/uploads\/2024\/09\/Plataforma-8-840x473.jpg 840w, https:\/\/utopiave.com\/wp-content\/uploads\/2024\/09\/Plataforma-8-315x177.jpg 315w\" alt=\"Plataforma 8\" width=\"1024\" height=\"576\" \/><\/p>\r\n<h5>Como resultado de \u00e9sta pol\u00edtica, hoy GRUPO UTOP\u00cdA, es una contratista socio confiable para sus clientes en la implementaci\u00f3n de diferentes proyectos, brindando los siguientes servicios:<\/h5>\r\n<p><strong>\u2022 Ingenier\u00eda Especializada<\/strong><br \/><strong>\u2022 Procura Nacional e Internacional de Bienes y Servicios.<\/strong><br \/><strong>\u2022 Consultor\u00eda Industrial a nivel de Gesti\u00f3n de Proyectos.<\/strong><br \/><strong>\u2022 Comercializaci\u00f3n de Productos para Servicios de Procesos Industriales<\/strong><\/p>\r\n<h1>01<\/h1>\r\n<h2>1.Mantenimiento Preventivo y Correctivo de Sistemas de Bandas de Despacho<\/h2>\r\n<h1>02<\/h1>\r\n<h2>Recuperaci\u00f3n, Mantenimiento y Limpieza de Tanques de Almacenamiento de Fluidos.<\/h2>\r\n<h1>03<\/h1>\r\n<h2>Servicio, Mantenimiento y Procura de Equipos Est\u00e1ticos y Rotativos.<\/h2>\r\n<h1>04<\/h1>\r\n<h2>Automatizaci\u00f3n y Control.<\/h2>\r\n<h1>05<\/h1>\r\n<h2>Mantenimiento Preventivo y Correctivo de Plataforma y Terminales Mar\u00edtimos.<\/h2>\r\n<h1>06<\/h1>\r\n<h2>Recuperaci\u00f3n Terciaria de Pozos Petroleros de Crudo a trav\u00e9s de Tecnolog\u00eda Qu\u00edmica Patentada.<\/h2>\r\n<h1>07<\/h1>\r\n<h2>Gesti\u00f3n,Control y Prevenci\u00f3n de Derrames.<\/h2>\r\n<h1>08<\/h1>\r\n<h2>Saneamiento y Limpieza de Buques, Plataforma y Monoboya.<\/h2>\r\n<h1>09<\/h1>\r\n<h2>Mantenimiento Operacional de Proyectos de Ingenier\u00eda y Paradas de Planta.<\/h2>\r\n<h2>Tecnolog\u00eda Qu\u00edmica Patentada<\/h2>\r\n<p><strong>El GRUPO UTOP\u00cdA<\/strong>, ofrece una gama completa de servicios de definici\u00f3n y ejecuci\u00f3n de proyectos, particularmente para los de limpieza y saneamiento poseemos una l\u00ednea de productos qu\u00edmicos patentados, a trav\u00e9s de nuestra familia de empresas <strong>UTOP\u00cdA INTERNATIONAL BUSINESS CORPORATION<\/strong>, que nos permiten la ejecuci\u00f3n de estos servicios.<\/p>\r\n<p>Algunos de estos productos son:<\/p>\r\n<h3>TENSACTIV 360<\/h3>\r\n<h5>Limpiador Pasivos Ambientales<\/h5>\r\n<p>Aditivo tensoactivo acuoso de baja huella ambiental, utilizado en el tratamiento y limpieza de pasivos ambientales y como dispersante de crudo de cuerpos de agua. Hecho con componentes activos biodegradables.<\/p>\r\n<h3>X-360<\/h3>\r\n<h5>Surfactante no i\u00f3nico biodegradable<\/h5>\r\n<p>Soluci\u00f3n de cosurfactantes no i\u00f3nicos biodegradables utilizados para estimulaci\u00f3n matricial no reactiva de pozos con da\u00f1os por parafinas o asf\u00e1ltenos, con amplia estabilidad t\u00e9rmica.<\/p>\r\n<h3>FLOW-360<\/h3>\r\n<h5>Mejorador de Flujo Base Org\u00e1nica<\/h5>\r\n<p>Aditivo og\u00e1nico mejorador de flujo y reductor de fricci\u00f3n, utilizado para incrementar caudales desde el fondo del pozo (inyectado, por goteo, \u00f3 bombeado en capilar), y en l\u00edneas de transporte de crudo en superficie. Producto org\u00e1nico miscible.<\/p>\r\n<h4>DESENGRASANTE 360<\/h4>\r\n<p>Producto concentrado de gran poder limpiador remueve r\u00e1pidamente carb\u00f3n, grasas, lubricantes, coque y<br \/>otras sustancias org\u00e1nicas. Puede utilizarse con agua dulce y salada. No contiene metales pesados ni fenoles, no es t\u00f3xico ni produce vapores.<\/p>\r\n<h2>\u00a1Perm\u00edtanos ayudarle!<\/h2>\r\n<h5>Cont\u00e1ctanos y aclararemos todas tus preguntas.<\/h5>\r\n<p><a role=\"button\" href=\"https:\/\/utopiave.com\/?page_id=11412\" target=\"_self\"> Cont\u00e1ctanos <\/a><\/p>\r\n<\/div><!-- .vgblk-rw-wrapper -->","protected":false},"excerpt":{"rendered":"<p>El GRUPO UTOPIA, ha tenido actividad continua en la industria petrolera, y as\u00ed mismo hemos estado tratando de expandir y diversificar nuestros servicios para brindar una gama diversa e integral&#8230;<\/p>\n","protected":false},"author":1,"featured_media":0,"parent":0,"menu_order":0,"comment_status":"closed","ping_status":"closed","template":"","meta":{"_price":"","_stock":"","_tribe_ticket_header":"","_tribe_default_ticket_provider":"","_tribe_ticket_capacity":"0","_ticket_start_date":"","_ticket_end_date":"","_tribe_ticket_show_description":"","_tribe_ticket_show_not_going":false,"_tribe_ticket_use_global_stock":"","_tribe_ticket_global_stock_level":"","_global_stock_mode":"","_global_stock_cap":"","_tribe_rsvp_for_event":"","_tribe_ticket_going_count":"","_tribe_ticket_not_going_count":"","_tribe_tickets_list":"[]","_tribe_ticket_has_attendee_info_fields":false,"footnotes":""},"class_list":["post-12176","page","type-page","status-publish","hentry"],"yoast_head":"<!-- This site is optimized with the Yoast SEO plugin v25.9 - https:\/\/yoast.com\/wordpress\/plugins\/seo\/ -->\n<title>Servicios - UTOPIA INTERNATIONAL 77, C.A<\/title>\n<meta name=\"robots\" content=\"index, follow, max-snippet:-1, max-image-preview:large, max-video-preview:-1\" \/>\n<link rel=\"canonical\" href=\"https:\/\/utopiave.com\/?page_id=12176\" \/>\n<meta property=\"og:locale\" content=\"es_ES\" \/>\n<meta property=\"og:type\" content=\"article\" \/>\n<meta property=\"og:title\" content=\"Servicios - UTOPIA INTERNATIONAL 77, C.A\" \/>\n<meta property=\"og:description\" content=\"El GRUPO UTOPIA, ha tenido actividad continua en la industria petrolera, y as\u00ed mismo hemos estado tratando de expandir y diversificar nuestros servicios para brindar una gama diversa e integral...\" \/>\n<meta property=\"og:url\" content=\"https:\/\/utopiave.com\/?page_id=12176\" \/>\n<meta property=\"og:site_name\" content=\"UTOPIA INTERNATIONAL 77, C.A\" \/>\n<meta property=\"article:modified_time\" content=\"2025-02-05T20:21:40+00:00\" \/>\n<meta property=\"og:image\" content=\"https:\/\/utopiave.com\/wp-content\/uploads\/2024\/09\/Plataforma-8-1024x576.jpg\" \/>\n<meta name=\"twitter:card\" content=\"summary_large_image\" \/>\n<meta name=\"twitter:label1\" content=\"Tiempo de lectura\" \/>\n\t<meta name=\"twitter:data1\" content=\"2 minutos\" \/>\n<script type=\"application\/ld+json\" class=\"yoast-schema-graph\">{\"@context\":\"https:\/\/schema.org\",\"@graph\":[{\"@type\":\"WebPage\",\"@id\":\"https:\/\/utopiave.com\/?page_id=12176\",\"url\":\"https:\/\/utopiave.com\/?page_id=12176\",\"name\":\"Servicios - UTOPIA INTERNATIONAL 77, C.A\",\"isPartOf\":{\"@id\":\"https:\/\/utopiave.com\/#website\"},\"primaryImageOfPage\":{\"@id\":\"https:\/\/utopiave.com\/?page_id=12176#primaryimage\"},\"image\":{\"@id\":\"https:\/\/utopiave.com\/?page_id=12176#primaryimage\"},\"thumbnailUrl\":\"https:\/\/utopiave.com\/wp-content\/uploads\/2024\/09\/Plataforma-8-1024x576.jpg\",\"datePublished\":\"2017-04-21T10:20:39+00:00\",\"dateModified\":\"2025-02-05T20:21:40+00:00\",\"breadcrumb\":{\"@id\":\"https:\/\/utopiave.com\/?page_id=12176#breadcrumb\"},\"inLanguage\":\"es\",\"potentialAction\":[{\"@type\":\"ReadAction\",\"target\":[\"https:\/\/utopiave.com\/?page_id=12176\"]}]},{\"@type\":\"ImageObject\",\"inLanguage\":\"es\",\"@id\":\"https:\/\/utopiave.com\/?page_id=12176#primaryimage\",\"url\":\"https:\/\/utopiave.com\/wp-content\/uploads\/2024\/09\/Plataforma-8-scaled.jpg\",\"contentUrl\":\"https:\/\/utopiave.com\/wp-content\/uploads\/2024\/09\/Plataforma-8-scaled.jpg\",\"width\":2560,\"height\":1440},{\"@type\":\"BreadcrumbList\",\"@id\":\"https:\/\/utopiave.com\/?page_id=12176#breadcrumb\",\"itemListElement\":[{\"@type\":\"ListItem\",\"position\":1,\"name\":\"Portada\",\"item\":\"https:\/\/utopiave.com\/\"},{\"@type\":\"ListItem\",\"position\":2,\"name\":\"Servicios\"}]},{\"@type\":\"WebSite\",\"@id\":\"https:\/\/utopiave.com\/#website\",\"url\":\"https:\/\/utopiave.com\/\",\"name\":\"UTOPIA INTERNATIONAL 77, C.A\",\"description\":\"\",\"publisher\":{\"@id\":\"https:\/\/utopiave.com\/#organization\"},\"potentialAction\":[{\"@type\":\"SearchAction\",\"target\":{\"@type\":\"EntryPoint\",\"urlTemplate\":\"https:\/\/utopiave.com\/?s={search_term_string}\"},\"query-input\":{\"@type\":\"PropertyValueSpecification\",\"valueRequired\":true,\"valueName\":\"search_term_string\"}}],\"inLanguage\":\"es\"},{\"@type\":\"Organization\",\"@id\":\"https:\/\/utopiave.com\/#organization\",\"name\":\"UTOPIA INTERNATIONAL 77, C.A\",\"url\":\"https:\/\/utopiave.com\/\",\"logo\":{\"@type\":\"ImageObject\",\"inLanguage\":\"es\",\"@id\":\"https:\/\/utopiave.com\/#\/schema\/logo\/image\/\",\"url\":\"https:\/\/utopiave.com\/wp-content\/uploads\/2024\/09\/cropped-LOGO-UTOPIA-CON-RIF.png\",\"contentUrl\":\"https:\/\/utopiave.com\/wp-content\/uploads\/2024\/09\/cropped-LOGO-UTOPIA-CON-RIF.png\",\"width\":500,\"height\":288,\"caption\":\"UTOPIA INTERNATIONAL 77, C.A\"},\"image\":{\"@id\":\"https:\/\/utopiave.com\/#\/schema\/logo\/image\/\"}}]}<\/script>\n<!-- \/ Yoast SEO plugin. -->","yoast_head_json":{"title":"Servicios - UTOPIA INTERNATIONAL 77, C.A","robots":{"index":"index","follow":"follow","max-snippet":"max-snippet:-1","max-image-preview":"max-image-preview:large","max-video-preview":"max-video-preview:-1"},"canonical":"https:\/\/utopiave.com\/?page_id=12176","og_locale":"es_ES","og_type":"article","og_title":"Servicios - UTOPIA INTERNATIONAL 77, C.A","og_description":"El GRUPO UTOPIA, ha tenido actividad continua en la industria petrolera, y as\u00ed mismo hemos estado tratando de expandir y diversificar nuestros servicios para brindar una gama diversa e integral...","og_url":"https:\/\/utopiave.com\/?page_id=12176","og_site_name":"UTOPIA INTERNATIONAL 77, C.A","article_modified_time":"2025-02-05T20:21:40+00:00","og_image":[{"url":"https:\/\/utopiave.com\/wp-content\/uploads\/2024\/09\/Plataforma-8-1024x576.jpg","type":"","width":"","height":""}],"twitter_card":"summary_large_image","twitter_misc":{"Tiempo de lectura":"2 minutos"},"schema":{"@context":"https:\/\/schema.org","@graph":[{"@type":"WebPage","@id":"https:\/\/utopiave.com\/?page_id=12176","url":"https:\/\/utopiave.com\/?page_id=12176","name":"Servicios - UTOPIA INTERNATIONAL 77, C.A","isPartOf":{"@id":"https:\/\/utopiave.com\/#website"},"primaryImageOfPage":{"@id":"https:\/\/utopiave.com\/?page_id=12176#primaryimage"},"image":{"@id":"https:\/\/utopiave.com\/?page_id=12176#primaryimage"},"thumbnailUrl":"https:\/\/utopiave.com\/wp-content\/uploads\/2024\/09\/Plataforma-8-1024x576.jpg","datePublished":"2017-04-21T10:20:39+00:00","dateModified":"2025-02-05T20:21:40+00:00","breadcrumb":{"@id":"https:\/\/utopiave.com\/?page_id=12176#breadcrumb"},"inLanguage":"es","potentialAction":[{"@type":"ReadAction","target":["https:\/\/utopiave.com\/?page_id=12176"]}]},{"@type":"ImageObject","inLanguage":"es","@id":"https:\/\/utopiave.com\/?page_id=12176#primaryimage","url":"https:\/\/utopiave.com\/wp-content\/uploads\/2024\/09\/Plataforma-8-scaled.jpg","contentUrl":"https:\/\/utopiave.com\/wp-content\/uploads\/2024\/09\/Plataforma-8-scaled.jpg","width":2560,"height":1440},{"@type":"BreadcrumbList","@id":"https:\/\/utopiave.com\/?page_id=12176#breadcrumb","itemListElement":[{"@type":"ListItem","position":1,"name":"Portada","item":"https:\/\/utopiave.com\/"},{"@type":"ListItem","position":2,"name":"Servicios"}]},{"@type":"WebSite","@id":"https:\/\/utopiave.com\/#website","url":"https:\/\/utopiave.com\/","name":"UTOPIA INTERNATIONAL 77, C.A","description":"","publisher":{"@id":"https:\/\/utopiave.com\/#organization"},"potentialAction":[{"@type":"SearchAction","target":{"@type":"EntryPoint","urlTemplate":"https:\/\/utopiave.com\/?s={search_term_string}"},"query-input":{"@type":"PropertyValueSpecification","valueRequired":true,"valueName":"search_term_string"}}],"inLanguage":"es"},{"@type":"Organization","@id":"https:\/\/utopiave.com\/#organization","name":"UTOPIA INTERNATIONAL 77, C.A","url":"https:\/\/utopiave.com\/","logo":{"@type":"ImageObject","inLanguage":"es","@id":"https:\/\/utopiave.com\/#\/schema\/logo\/image\/","url":"https:\/\/utopiave.com\/wp-content\/uploads\/2024\/09\/cropped-LOGO-UTOPIA-CON-RIF.png","contentUrl":"https:\/\/utopiave.com\/wp-content\/uploads\/2024\/09\/cropped-LOGO-UTOPIA-CON-RIF.png","width":500,"height":288,"caption":"UTOPIA INTERNATIONAL 77, C.A"},"image":{"@id":"https:\/\/utopiave.com\/#\/schema\/logo\/image\/"}}]}},"_links":{"self":[{"href":"https:\/\/utopiave.com\/index.php?rest_route=\/wp\/v2\/pages\/12176","targetHints":{"allow":["GET"]}}],"collection":[{"href":"https:\/\/utopiave.com\/index.php?rest_route=\/wp\/v2\/pages"}],"about":[{"href":"https:\/\/utopiave.com\/index.php?rest_route=\/wp\/v2\/types\/page"}],"author":[{"embeddable":true,"href":"https:\/\/utopiave.com\/index.php?rest_route=\/wp\/v2\/users\/1"}],"replies":[{"embeddable":true,"href":"https:\/\/utopiave.com\/index.php?rest_route=%2Fwp%2Fv2%2Fcomments&post=12176"}],"version-history":[{"count":9,"href":"https:\/\/utopiave.com\/index.php?rest_route=\/wp\/v2\/pages\/12176\/revisions"}],"predecessor-version":[{"id":987820,"href":"https:\/\/utopiave.com\/index.php?rest_route=\/wp\/v2\/pages\/12176\/revisions\/987820"}],"wp:attachment":[{"href":"https:\/\/utopiave.com\/index.php?rest_route=%2Fwp%2Fv2%2Fmedia&parent=12176"}],"curies":[{"name":"wp","href":"https:\/\/api.w.org\/{rel}","templated":true}]}}